{"id":59,"date":"2012-02-28T09:12:42","date_gmt":"2012-02-28T09:12:42","guid":{"rendered":"http:\/\/localhost:8888\/?page_id=59"},"modified":"2012-03-26T08:43:03","modified_gmt":"2012-03-26T07:43:03","slug":"opcion-3","status":"publish","type":"page","link":"https:\/\/www.bedabierzo.org\/?page_id=59","title":{"rendered":"Asociaci\u00f3n"},"content":{"rendered":"<p><img loading=\"lazy\" class=\"size-full wp-image-241 alignleft\" title=\"titAsociacion\" src=\"http:\/\/www.bedabierzo.org\/wp-content\/uploads\/2012\/03\/titAsociacion.jpg\" alt=\"\" width=\"595\" height=\"50\" srcset=\"https:\/\/www.bedabierzo.org\/wp-content\/uploads\/2012\/03\/titAsociacion.jpg 595w, https:\/\/www.bedabierzo.org\/wp-content\/uploads\/2012\/03\/titAsociacion-300x25.jpg 300w\" sizes=\"(max-width: 595px) 100vw, 595px\" \/><\/p>\n<p style=\"text-align: justify;\">La <strong>Asociaci\u00f3n Bergidum Ex-Dependientes Asociados (B.E.D.A.)<\/strong>, es una asociaci\u00f3n sin \u00e1nimo de lucro que tiene su domicilio social en la Avenida de la Libertad 31, de Ponferrada (Le\u00f3n). Est\u00e1 inscrita en el Registro Nacional de Asociaciones Grupo 1 Secci\u00f3n 1 N\u00famero Nacional 63707.<\/p>\n<p style=\"text-align: justify;\">El \u00e1mbito territorial de acci\u00f3n previsto para la Asociaci\u00f3n se extiende a Castilla y Le\u00f3n, Galicia y Asturias, pudiendo establecer delegaciones en cualquier localidad de las Autonom\u00edas descritas siempre que lo considere conveniente para una m\u00e1s eficaz labor de reinserci\u00f3n y rehabilitaci\u00f3n de sus miembros.<br \/>\nComo colectivo humano, para la Asociaci\u00f3n es important\u00edsimo que todas las personas o Entidades que demanden ayuda, sean del lugar que fueren, reciban colaboraci\u00f3n y las mayores prestaciones que se les pueda ofrecer, as\u00ed como indicarles otros Centros, Entidades\u00a0 o Asociaciones a los que pueden acudir.<\/p>\n<p style=\"text-align: justify;\">La Asociaci\u00f3n ser\u00e1 gestionada y representada por una Junta Directiva formada\u00a0 por: Presidente, vicepresidente, secretario, tesorero y vocales.<\/p>\n<p style=\"text-align: justify;\">La Asociaci\u00f3n tiene un Plan de Voluntariado para coordinar todas las actividades que se realizan tanto en el centro como fuera.<\/p>\n<p><img loading=\"lazy\" class=\"size-full wp-image-361 alignleft\" title=\"asociacion\" src=\"http:\/\/www.bedabierzo.org\/wp-content\/uploads\/2012\/02\/asociacion.jpg\" alt=\"\" width=\"595\" height=\"220\" srcset=\"https:\/\/www.bedabierzo.org\/wp-content\/uploads\/2012\/02\/asociacion.jpg 595w, https:\/\/www.bedabierzo.org\/wp-content\/uploads\/2012\/02\/asociacion-300x110.jpg 300w\" sizes=\"(max-width: 595px) 100vw, 595px\" \/><\/p>\n","protected":false},"excerpt":{"rendered":"<p>La Asociaci\u00f3n Bergidum Ex-Dependientes Asociados (B.E.D.A.), es una asociaci\u00f3n sin \u00e1nimo de lucro que tiene su domicilio social en la Avenida de la Libertad 31, de Ponferrada (Le\u00f3n). Est\u00e1 inscrita en el Registro Nacional de Asociaciones Grupo 1 Secci\u00f3n 1 N\u00famero Nacional 63707. El \u00e1mbito territorial de acci\u00f3n previsto para la Asociaci\u00f3n se extiende a [&hellip;]<\/p>\n","protected":false},"author":1,"featured_media":187,"parent":0,"menu_order":0,"comment_status":"open","ping_status":"open","template":"","meta":[],"_links":{"self":[{"href":"https:\/\/www.bedabierzo.org\/index.php?rest_route=\/wp\/v2\/pages\/59"}],"collection":[{"href":"https:\/\/www.bedabierzo.org\/index.php?rest_route=\/wp\/v2\/pages"}],"about":[{"href":"https:\/\/www.bedabierzo.org\/index.php?rest_route=\/wp\/v2\/types\/page"}],"author":[{"embeddable":true,"href":"https:\/\/www.bedabierzo.org\/index.php?rest_route=\/wp\/v2\/users\/1"}],"replies":[{"embeddable":true,"href":"https:\/\/www.bedabierzo.org\/index.php?rest_route=%2Fwp%2Fv2%2Fcomments&post=59"}],"version-history":[{"count":17,"href":"https:\/\/www.bedabierzo.org\/index.php?rest_route=\/wp\/v2\/pages\/59\/revisions"}],"predecessor-version":[{"id":373,"href":"https:\/\/www.bedabierzo.org\/index.php?rest_route=\/wp\/v2\/pages\/59\/revisions\/373"}],"wp:featuredmedia":[{"embeddable":true,"href":"https:\/\/www.bedabierzo.org\/index.php?rest_route=\/wp\/v2\/media\/187"}],"wp:attachment":[{"href":"https:\/\/www.bedabierzo.org\/index.php?rest_route=%2Fwp%2Fv2%2Fmedia&parent=59"}],"curies":[{"name":"wp","href":"https:\/\/api.w.org\/{rel}","templated":true}]}}